 and 7.
7
Suppose 3*y + 3 = 0, 0 = 5*f - 5*y - 80 - 2480. What is the highest common factor of f and 292?
73
Suppose 8*m - 12*m = -32. What is the greatest common factor of 520 and m?
8
Let a = 34 - 20. Suppose 0 = y - 0*n - 4*n + 8, -5*n + 15 = 0. Suppose 2*m = -c + 4*m + 150, -y*c = -m - 565. Calculate the greatest common factor of c and a.
14
Let z be (33/66)/((-2)/(-236)). What is the greatest common divisor of z and 590?
59
Let x be 4/(-10) - (-704)/10. Let v(z) = -2*z**2 + 113*z - 363. Let f be v(52). What is the highest common divisor of x and f?
35
Let p = -259 - -341. Calculate the greatest common factor of p and 574.
82
Suppose l = 2*r - 3*r + 9, -2*l + 3*r = 2. Calculate the highest common divisor of 65 and l.
5
Let y = -1 - -5. Suppose -3*u + y*z + 97 = -57, u = -5*z + 45. Suppose -3*j + 3*l = l - u, -2*j + 3*l = -30. Calculate the highest common divisor of 9 and j.
9
Let i(z) = z**3 - 13*z**2 + 26*z + 12. Let m be i(13). Calculate the highest common factor of 70 and m.
70
Let v(i) = -26*i**2 + i. Let n be v(-1). Let h = n - -38. Let b be -2*(-3)/(-18)*-3. What is the greatest common divisor of b and h?
1
Let l = 298 + -197. Suppose -5*w + 119 + l = 0. Let o(x) = 2*x**2 - x + 1. Let s be o(-2). What is the highest common divisor of s and w?
11
Let n = -4 - -6. Let k(d) = -d**2 - 4*d + 2. Suppose 3*s = 5*m - 2*s, -5*s = 5*m + 30. Let v be k(m). What is the greatest common divisor of v and n?
1
Let o be (4 - 8 - -4) + 30. Calculate the highest common divisor of 210 and o.
30
Suppose -2*x - 2*r = 2*x + 1494, -3*x - 1138 = 5*r. Let p = -227 - x. Let o = 557 - 541. What is the highest common divisor of o and p?
16
Let j(d) = 5*d**2 + d. Let s be j(-1). Let r be (-6)/8 - 733/s. Let x = r + 264. Calculate the highest common factor of 16 and x.
16
Let g = -37 + 67. Suppose 2*j + 8 = q, 14*q = 15*q + 2*j - 4. Calculate the greatest common factor of g and q.
6
Let z(b) = -b**2 - b + 14. Let d be z(0). Suppose k = -4, -2*k + d + 12 = r. Let n be 4/18 - r/(-9). What is the highest common factor of n and 20?
4
Let r(o) = 34*o - 612. Let s be r(19). Calculate the highest common divisor of s and 391.
17
Let p(l) = -l**3 - 7*l**2 + 8*l + 8. Let r be p(-8). What is the greatest common divisor of 104 and r?
8
Let l = -51 - -35. Let q = l + 21. Let f = 15 - -20. What is the highest common factor of f and q?
5
Let d be (-484)/176*4/(-1). Let y(l) = -2*l**3 - 3*l**2 - l + 3. Let z be 9/(-6)*2*1. Let c be y(z). What is the greatest common factor of c and d?
11
Let m(f) = 5*f + 3. Let y be m(1). Let s(z) = 11*z. Let x be s(8). Let o = x - 56. Calculate the greatest common factor of o and y.
8
Let h = 196 - 320. Let m = h + 313. What is the highest common factor of m and 27?
27
Suppose 870 = 2*p + 17*t - 15*t, 2*p - 5*t = 863. Calculate the greatest common divisor of p and 42.
14
Suppose -8 = -s + 2*r, -s + 3*s - 4 = r. Suppose s = 2*i - 146 - 8. What is the greatest common factor of i and 11?
11
Let n(w) = w**2 - 7*w - 22. Let g be n(10). Suppose -k = -3*k + 80. What is the greatest common factor of g and k?
8
Suppose -533 + 202 = -5*s + 3*d, -3*d - 127 = -2*s. Let c be 2*-17*1/(-2). What is the greatest common factor of s and c?
17
Let q(w) = -77*w - 502. Let h be q(-8). What is the greatest common factor of 912 and h?
114
Let i(p) = -p**3 - 4*p**2 + 16*p + 12. Let k be i(-18). What is the highest common factor of 60 and k?
60
Suppose -2*g - 2*g + 54 = n, 5*g - 55 = 5*n. Calculate the greatest common factor of g and 13.
13
Suppose 4*y + d = 7, 0*y - 4*d - 10 = -3*y. Suppose -y*w = w + v - 41, v = -1. Calculate the highest common divisor of w and 126.
14
Let f be 0 + 52 - 2 - 20/(-4). Calculate the highest common divisor of 1045 and f.
55
Let k be (-3)/4*(-1000)/30. Calculate the greatest common divisor of k and 575.
25
Let y(k) = 18*k**3 - 3*k**2 - 5. Let v be y(5). Suppose -v = -h - 9*h. What is the highest common divisor of h and 31?
31
Let t = -166 - -216. What is the highest common divisor of 200 and t?
50
Suppose -2*w = -28 + 14. Let m(t) = -t**2 + 11*t + 8. Let r be m(w). Calculate the highest common divisor of r and 36.
36
Let j be -27*2 - (0 + 0). Let n be (-5)/(40/j)*-4. Let g = -19 - n. Calculate the greatest common divisor of g and 2.
2
Suppose 4*z + 4 = 16. Suppose 4*v - z*t + 13 = 83, 2*t + 53 = 3*v. Let k be (-4)/6 + 118/6. What is the highest common factor of k and v?
19
Let p = 1 + -1. Suppose p*k = 5*k - 130. Let v(o) = -o**2 + 16*o - 34. Let q be v(10). What is the highest common divisor of q and k?
26
Suppose 95*t - 36 = 94*t. Calculate the highest common divisor of 342 and t.
18
Let w = -2 + 3. Suppose -5*f - 16 - 4 = 0. Let g be 8/f + 7 + -4. What is the highest common divisor of g and w?
1
Let o(w) = -17*w - 168. Let q be o(-12). Let d = 2 + 2. Calculate the greatest common factor of d and q.
4
Let i(p) = 3*p + 2. Let c be i(7). Suppose -5*d + 95 + 50 = 0. Suppose d + c = 4*a. What is the highest common factor of a and 26?
13
Suppose 2*g = 13 - 1. Let c(l) = l**3 - 16*l**2 - 18*l + 23. Let a(n) = -n**2 + 17. Let t be a(0). Let j be c(t). What is the highest common factor of j and g?
6
Let t be (-11)/(55/(-30)) - -55. Calculate the highest common factor of 671 and t.
61
Let m(f) = 2*f + 24. Let j be m(-7). Suppose j*t + 46 - 146 = 0. Calculate the greatest common factor of 310 and t.
10
Suppose 4*h + 3*y + 16 = -y, -2*h + 4*y + 10 = 0. Let n be (-25)/((1/2)/(1/h)). Calculate the greatest common divisor of 125 and n.
25
Let o be (8 + (-350)/45)*144. What is the highest common divisor of o and 432?
16
Suppose -2*k - 18 = -3*d - 140, 173 = 3*k - 2*d. What is the greatest common divisor of k and 143?
11
Suppose 6*i = 7*i - 22. Calculate the highest common factor of i and 88.
22
Let f(m) = -74*m. Let d be f(1). Let j = -58 - d. What is the greatest common divisor of 32 and j?
16
Let n(o) = -2 - 1 + 1 + 5*o - o**3 - 2*o**2. Let t be n(-4). What is the greatest common divisor of t and 30?
10
Let o = -1058 - -1483. What is the greatest common divisor of 25 and o?
25
Suppose -1792 = -13*c - 15*c. What is the highest common factor of 144 and c?
16
Let j = -993 + 1140. Calculate the highest common divisor of j and 9.
3
Let o(b) = 5*b + 23. Let h be o(-4). Let u be -8*h/2*(-12)/18. Calculate the highest common divisor of 128 and u.
8
Let p(a) = -a. Let j be p(-2). Suppose 0 = -j*v + 3*v - 34. What is the greatest common divisor of 34 and v?
34
Suppose 0 = -4*r + 5*y + 186, 0 = r + r + 3*y - 82. Calculate the highest common factor of 33 and r.
11
Suppose 30 = 4*x + 7*i - 8*i, 4*x - 2*i = 32. What is the highest common divisor of x and 350?
7
Suppose 3*q - 100 = -2*q. What is the greatest common factor of q and 380?
20
Let k be (-236)/(-2)*(-50)/(-20). Calculate the highest common factor of 59 and k.
59
Let g(u) = 2*u - 13 - 4 + u - 8*u. Let z be g(-5). What is the highest common divisor of 8 and z?
8
Let f(l) = l**2 + 22*l - 74. Let i be f(10). What is the greatest common factor of 12 and i?
6
Suppose 25*i - 13*i - 120 = 0. Let p be 16/6*(-6)/(-4). Suppose p*z = -v + 317, -v + 0*v - 163 = -2*z. Calculate the highest common divisor of i and z.
10
Suppose 12*n - 4*n = 96. Calculate the highest common factor of 324 and n.
12
Let m(t) be the second derivative of -1/3*t**3 + 1/3*t**4 - t + 0 - 1/2*t**2. Let s be m(-1). Calculate the greatest common divisor of s and 5.
5
Suppose 4*a - 5*w - 182 = 0, -4*a - 140 = -7*a + 2*w. Calculate the greatest common factor of a and 112.
16
Suppose 69*g - 50 = 67*g. Suppose 2*k - 3*b = g, -b = 4*k - 32 - 25. Calculate the greatest common factor of 28 and k.
14
Suppose i - 1 = 4*h, 2*h - 13 = -2*i - 1. Suppose -2*m + 38 = -4*n + 8*n, -n - 2*m + 8 = 0. Calculate the highest common divisor of n and i.
5
Let s = -10 + -5. Let m = s - -18. Suppose 2*w - 158 = 4*r, 2*r = m*w - 82 - 151. Calculate the greatest common divisor of w and 11.
11
Suppose -448 - 144 = -37*l. Calculate the greatest common factor of 120 and l.
8
Suppose -21*l + 9 = -369. Calculate the greatest common factor of 207 and l.
9
Let m be (7 + -2)*(1 + 0 - -6). Calculate the greatest common divisor of m and 7.
7
Suppose a = -176 + 191. Calculate the greatest common divisor of a and 675.
15
Suppose 2*k + 2*g - 10 = 3*g, k + 5*g = -17. Suppose 3*l - 3